 - -4 - 1/(7/42). Determine q(a).
7
Let d(u) = -127*u + 377. Let a be d(3). Let c(y) = -5*y - 14. Give c(a).
6
Let q be 16/24 - (0 - 2/6). Let a(v) = -6 - 7*v**2 + 3*v + 5*v + q - 2*v + v**3. Determine a(6).
-5
Suppose 5*m - 42 = 11*m. Let h(l) = -l - 10. Give h(m).
-3
Let p = 10 - 12. Let c(f) = 4*f**2 - 8*f - 7. Let t(v) = -3*v**2 + 8*v + 6. Let n(j) = p*c(j) - 3*t(j). Let z be n(8). Let x(l) = -l - 2. Calculate x(z).
2
Let b be (-6)/10 + (-12)/30. Let k be (5 - b)*(-7)/18*-3. Let d(h) = h - 5. What is d(k)?
2
Suppose 5*l = -1103 + 1063. Let h(r) = r**3 + 10*r**2 + 11*r + 2. What is h(l)?
42
Let h(q) = -q**3 - 3*q**2 - q + 3. Suppose -2*c - 5*i + 4 = -6, -2*i = 0. Suppose -c*d + 10 = -5. Suppose d*m + 5 = -4. Calculate h(m).
6
Suppose -o + 5*o = 0. Let h(r) = 0*r**2 - 3*r**2 + o*r**2 + 2*r**2 - 3 + 5*r. Let p be 38/14 + 14/49. Determine h(p).
3
Let f(n) be the second derivative of -n**5/20 + n**4/12 - n**3/6 + 11*n**2/2 - n. Suppose -3*o - 11 - 7 = 0. Let i = o - -6. Give f(i).
11
Let m(b) = -b**3 + 4*b**2 - 5*b + 4. Suppose -3*t = 4*h - 4 - 18, 4*h = -2*t + 8. Suppose 2*v - 2*u - 10 - 6 = 0, 3*v = u + t. Calculate m(v).
-2
Let l(a) = -a + 2. Suppose 0 = -27*t + 32*t + 150. Let m = t - -35. Give l(m).
-3
Let d(w) = -w**3 - 5*w**2 - 3*w - 5. Let g = 898 - 902. Calculate d(g).
-9
Let u(r) = -5*r**2 - 4. Let i be (-12)/(-16) - (-114)/8. Let l = 21 - i. Let t(v) = -4*v**2 - v - 3. Let o(z) = l*t(z) - 5*u(z). Give o(5).
-3
Let j(d) = -d**2 - 9*d + 27. Let n(b) = 23*b + 12. Let w be n(-1). Determine j(w).
5
Let u(a) = -a**2 + 4*a - 8. Let n(r) = -r**2 - 2. Let m(h) = -2*n(h) + u(h). What is m(-4)?
-4
Let w(s) = 18*s + 358. Let p be w(-20). Let x(f) = 3*f**2 + 2*f + 3. Calculate x(p).
11
Let b = 11 - 11. Suppose a + 58 = 2*s - b*s, 120 = 4*s - 3*a. Let o = s - 24. Let q(n) = -n**2 + 3*n - 1. Give q(o).
-1
Let j(s) = s**2 + s - 3. Let o(b) = 2*b**2 - 4*b + 4. Let i be o(4). Suppose -23*x + 6 = -i*x. Let u be j(x). Let a(z) = 2*z - 4. Calculate a(u).
2
Let f(s) = 3*s**3 - 9*s**2 + 3. Let r(t) = 7*t**3 - 17*t**2 + 7. Let q(a) = 5*f(a) - 2*r(a). What is q(11)?
1
Let o(d) = -d + 21. Let c = -824 + 842. What is o(c)?
3
Let t = 1084 + -1083. Let q(n) = -4*n**2 + 2*n - 2. Give q(t).
-4
Let c be 6 - 15 - (-7 + -3 + 7). Let p(m) = -5*m - 7. Calculate p(c).
23
Let x(o) = o**3 - 6*o**2 + o - 1. Let v be (-696)/(-290)*10/6. Determine x(v).
-29
Let q(r) be the third derivative of -r**5/60 - 11*r**4/24 + r**3/3 - 224*r**2. Give q(-9).
20
Let a(k) be the third derivative of 0 + 1/3*k**4 + 0*k + 7/60*k**5 + 5/6*k**3 - 12*k**2 + 1/120*k**6. Calculate a(-6).
-7
Let a(n) = 2*n + 1. Let h = -9 - -10. Let r be h + (-13 + -2)/(-3). Suppose -9*o = -r*o - 18. Determine a(o).
13
Let x(b) = 7*b - 7. Let i(j) = 73*j - 1 - 154*j + 82*j. Let m(p) = -6*i(p) + x(p). Calculate m(2).
1
Let c(t) = -2*t**2 - 15885 - 2*t + 15886 + t**2. Suppose -2*a = 2*a + 16. Let g = 2 + a. Determine c(g).
1
Let k(m) be the third derivative of 2/3*m**3 - 1/60*m**5 + 1/8*m**4 + 0*m + 10*m**2 + 0. Determine k(6).
-14
Let s(w) be the second derivative of w**3/2 - 3*w**2 + 100*w. Calculate s(4).
6
Let r(o) be the second derivative of -o**3/6 + 3*o**2 + 17*o + 5. Determine r(7).
-1
Let k(b) = -2*b - 4. Suppose r = -t - 7 - 2, -4*r + t = 16. Calculate k(r).
6
Let d be (-8)/12 + (-104)/(-12). Let b(w) = -w - 9. Determine b(d).
-17
Let l(w) be the second derivative of 0*w**2 + 0 - 8*w - 5/6*w**3. Give l(3).
-15
Let y(x) = -x. Let r = 53 - 30. Let v = -39 + r. Let t = v - -10. Determine y(t).
6
Suppose 2*u - 32 = 6*u. Let f = u - -7. Let c(y) = -y**2 + 4*y + 4. Let x(z) = z**2 - 5*z - 5. Let s(v) = 6*c(v) + 5*x(v). Calculate s(f).
-1
Let b(z) = -z**3 - 25*z**2 + 5. Let o = -619 + 594. What is b(o)?
5
Suppose 22*v + 193 = 39. Let b(h) = h**3 + 9*h**2 + 14*h - 5. What is b(v)?
-5
Let j be 4/(-6)*9/(-2). Suppose -b + j = 6. Let g(q) be the second derivative of -q**4/6 - q**3/2 + q**2 + 2*q. What is g(b)?
-7
Let a(z) = -1 + 8 - 4*z + 3*z - 6. Suppose -6 = -b - g, 3 + 1 = 2*g. Calculate a(b).
-3
Let a(k) = 8*k. Let p(w) = -2*w. Let j(t) = 2*a(t) + 6*p(t). Determine j(2).
8
Let r(q) = 4*q**2 + 4*q - 6. Let f(g) = -5*g**2 - 2*g + 4. Let s(a) = -5*f(a) - 6*r(a). Calculate s(13).
3
Let n(s) = s**3 - 8*s**2 + 8*s - 3. Let r(j) = 4*j + 32. Let x be r(-8). Let t = 7 - x. Determine n(t).
4
Let m(n) be the second derivative of 1/2*n**3 + 0 + 2*n - 3*n**2. Determine m(4).
6
Let q(n) = 2*n**2 + n + 30. Let w be q(0). Let r(a) = 13 - a - w + 15. Calculate r(-5).
3
Let h(f) = 6*f**2 - 121*f - 4*f**2 - 121*f + 233*f. Determine h(5).
5
Let o = -7 + 3. Let p(f) = -9*f - 10. Let g(x) be the third derivative of 5*x**4/24 + 5*x**3/6 + 9*x**2. Let k(b) = 5*g(b) + 3*p(b). Give k(o).
3
Let n = -15 + 17. Suppose 0 = n*t - 0*t + 8. Let q = -2 - t. Let k(b) = -b**3 + b - 2. Determine k(q).
-8
Suppose 4*v + 64 = -5*d - 5, -2*v - 4*d = 42. Let y = v + 19. Let w(i) = -i - 1. Determine w(y).
-9
Let g(c) = 2*c**3 - 8*c**2 - 7*c - 2. Let r(m) = -m**3 + 7*m**2 + 5*m + 1. Let x(j) = -2*g(j) - 3*r(j). What is x(-3)?
-14
Suppose l - 4*k - 15 = -7*k, 0 = l - 2*k + 10. Suppose -5*p = -3*n, l = 2*p + p + 2*n - 19. Let x(u) = -u**3 + u**2 + 3*u + 2. Determine x(p).
-7
Let g(d) = -3*d + 1 - 9 + 13 + 0 - 2. Determine g(10).
-27
Let y(b) = -3*b**3 - 4*b**2 + 2*b. Let i(k) = -8*k**3 - 9*k**2 + 4*k - 1. Let d(m) = 2*i(m) - 5*y(m). What is d(3)?
-17
Let z(x) = -x**3 - 10*x**2 - x - 3. Let l be -4 - 19 - 1/2*4. Let w = l - -15. Determine z(w).
7
Let v(l) be the first derivative of 1/60*l**5 + 7 + 0*l + 8/3*l**3 + 0*l**2 + 5/24*l**4. Let z(k) be the third derivative of v(k). Give z(-7).
-9
Let d be 6/1*(-4)/(-6). Let b(q) = d*q + 10*q + 1 - 10*q + 2*q. Calculate b(1).
7
Suppose 5786*p - 5789*p = 3. Let o(b) be the third derivative of 5*b**4/12 + b**3/6 + b**2. What is o(p)?
-9
Let u(b) = b**2 + 63 + 6*b + 70 - 200 + 65. Let n(v) = -v**2 - 5*v + 3. Let z = -3 + 1. Let h(r) = z*u(r) - 3*n(r). Determine h(-5).
5
Let t(m) = 5 + 2 + 0 + 2*m. Suppose -2*g - 32 = 2*i, -4*i - 5*g = 46 + 20. Let v = -20 - i. Give t(v).
-5
Let z(f) = f**2 + 14*f + 18. Let a be z(-13). Suppose -9*c + a*c = -8. Let t(d) = c + 3*d**2 + 3 - 8*d - 2*d**2. Determine t(5).
-10
Let y(b) = 20*b - 232. Let j be y(12). Let v(s) = -s**3 + 8*s**2 + 2*s - 10. What is v(j)?
6
Let m(v) = 2*v**3 - 4*v**2 + 3*v + 14. Let d(l) = 5*l**3 - 7*l**2 + 4*l + 27. Let i(a) = -3*d(a) + 7*m(a). Calculate i(-8).
9
Let b(z) be the third derivative of 0 - 1/360*z**6 + 0*z - 2*z**2 + 1/3*z**3 - 1/4*z**4 - 1/24*z**5. Let h(t) be the first derivative of b(t). Calculate h(-4).
-2
Let p(t) = -t**2 + 5*t - 3. Let y be p(4). Suppose 4*r + 39 = 5*x, 3*x + 8*r - 4*r = 17. Let m(j) = -j + x - 7. Determine m(y).
-1
Let c(g) = 12 + 25*g + 0 + 1640*g**2 - 1638*g**2 + 0 + 4. Calculate c(-12).
4
Let h be 130/52*7/((-35)/(-10)). Let m(g) = 8*g**3 - 13*g**2 - 3*g - 6. Let f(i) = 7*i**3 - 12*i**2 - 2*i - 6. Let d(s) = 7*f(s) - 6*m(s). Calculate d(h).
-11
Let c(z) = 12 + 3*z**2 + 22 - 37 - z. Determine c(2).
7
Let p(b) be the second derivative of 3*b**4/4 + b**3/3 - b**2/2 - 8*b. Let l = -9 - -10. What is p(l)?
10
Suppose -2*v = 5*p - 30 + 4, 3*v + p - 13 = 0. Let s(r) = -2*r - 1 - r**2 + 0*r**2 + r. What is s(v)?
-13
Suppose -8*l + 19 = 211. Let k be ((-16)/l)/(2/6). Let a(y) = 3*y - 2. Give a(k).
4
Let c(w) = -2*w**2 - 9*w + 10. Suppose 4*r + 28 = 2*m, 3 - 24 = 3*r + 4*m. Calculate c(r).
-25
Let a be 1/((-6)/(-4) - 1). Let p(k) = 2*k - 1 - 7*k**2 + 8*k**2 - 1262*k**3 + 1260*k**3. Determine p(a).
-9
Suppose -r = 9 + 1. Let j(z) = z**2 + 11*z + 5. Let c be j(r). Let b be 4/10 + (-8)/c. Let u(i) = -4*i - 1. Determine u(b).
-9
Let p(u) = u**3 + 5*u**2 - 7*u + 3. Let k(j) = -5*j + 43. Let r be k(8). Suppose -r*v = 5*n + 8, -4*v = 2*n - 3*n + 26. Determine p(v).
9
Let j(i) be the first derivative of -21*i**4/4 - i**2/2 + 122. Calculate j(1).
-22
Let w(u) be the third derivative of -u**6/120 + 3*u**5/20 - 19*u**4/24 + u**3/6 + 296*u**2 + u. Determine w(6).
-5
Suppose -22 = -2*w + 12. Let g = -20 + w. Let c(h) be the first derivative of h**4/4 + 4*h**3/3 + 2*h**2 + 4*h + 1. Determine c(g).
1
Let x(m) = -4*m**2 + 3*m. Let l be (-46)/(-115)*1*-10*-1. Suppose 6 = 3*z - l*q - 16, -5*z + 2*q = -18. Calculate x(z).
-10
Suppose -2*w - 2*t + 8 